{"id":218,"date":"2012-09-22T21:16:47","date_gmt":"2012-09-22T21:16:47","guid":{"rendered":"http:\/\/bialy-owczarek.pl\/?page_id=218"},"modified":"2026-02-22T20:33:26","modified_gmt":"2026-02-22T20:33:26","slug":"o-nas","status":"publish","type":"page","link":"https:\/\/bialy-owczarek.pl\/?page_id=218","title":{"rendered":"O nas"},"content":{"rendered":"<p><span style=\"color: #000000;\"><a href=\"http:\/\/bialy-owczarek.pl\/?attachment_id=963\" rel=\"attachment wp-att-963\"><img loading=\"lazy\" decoding=\"async\" class=\"alignleft size-medium wp-image-963\" title=\"P6232185\" src=\"http:\/\/bialy-owczarek.pl\/wp-content\/uploads\/2012\/09\/P6232185-300x225.jpg\" alt=\"\" width=\"300\" height=\"225\" srcset=\"https:\/\/bialy-owczarek.pl\/wp-content\/uploads\/2012\/09\/P6232185-300x225.jpg 300w, https:\/\/bialy-owczarek.pl\/wp-content\/uploads\/2012\/09\/P6232185-1024x768.jpg 1024w, https:\/\/bialy-owczarek.pl\/wp-content\/uploads\/2012\/09\/P6232185-400x300.jpg 400w\" sizes=\"(max-width: 300px) 100vw, 300px\" \/><\/a>Zdecydowali\u015bmy si\u0119 hodowa\u0107 Bia\u0142e Owczarki Szwajcarskie, gdy zauwa\u017cyli\u015bmy ile rado\u015bci przynosi \u017cycie z tymi wspania\u0142ymi psami. Mamy na naszej posesji do\u015b\u0107 miejsca i idealne warunki do domowej hodowli ps\u00f3w. Hodowa\u0107 oczywi\u015bcie nie znaczy tylko posiada\u0107 suk\u0119 hodowlan\u0105 ale te\u017c odpowiedni\u0105 wiedz\u0119 o hodowli tej rasy i wymogach ZKwP i FCI. Intensywnie zaj\u0119li\u015bmy si\u0119 literatur\u0105 i informacjami na temat hodowli ps\u00f3w, nawi\u0105zali\u015bmy kontakt z hodowcami polskimi i zagranicznymi.<\/span><\/p>\n<p><img loading=\"lazy\" decoding=\"async\" class=\"aligncenter size-full wp-image-2776\" src=\"http:\/\/bialy-owczarek.pl\/wp-content\/uploads\/2019\/01\/ZZK_0494.jpg\" alt=\"\" width=\"6144\" height=\"4088\" srcset=\"https:\/\/bialy-owczarek.pl\/wp-content\/uploads\/2019\/01\/ZZK_0494.jpg 6144w, https:\/\/bialy-owczarek.pl\/wp-content\/uploads\/2019\/01\/ZZK_0494-300x200.jpg 300w, https:\/\/bialy-owczarek.pl\/wp-content\/uploads\/2019\/01\/ZZK_0494-768x511.jpg 768w, https:\/\/bialy-owczarek.pl\/wp-content\/uploads\/2019\/01\/ZZK_0494-1024x681.jpg 1024w, https:\/\/bialy-owczarek.pl\/wp-content\/uploads\/2019\/01\/ZZK_0494-451x300.jpg 451w\" sizes=\"(max-width: 6144px) 100vw, 6144px\" \/><\/p>\n<p><span style=\"color: #000000;\">Mi\u0142o\u015b\u0107 do tych zwierz\u0105t to podstawowy warunek dla tego wszystkiego \u00a0co nast\u0105pi. <\/span><span style=\"color: #000000;\">Hodowa\u0107 to znaczy zainwestowa\u0107 du\u017co pracy, czasu i oczywi\u015bcie odpowiedzialno\u015bci. Zaufanie i pomoc od rzetelnych zaprzyja\u017anionych hodowc\u00f3w, zajemne uczciwe i otwarte s\u0142owo pomagaj\u0105 utrzyma\u0107 t\u0105 ras\u0119 tak\u0105 jak\u0105 j\u0105 kochamy. Dbamy o to \u017ceby nasze psy mia\u0142y jak najwi\u0119cej kontaktu z innymi lud\u017ami i zwierz\u0119tami, zabieramy je do miasta, festyny i zawody je\u017adzieckie. Nasze psy nigdy nie s\u0105 zamykane w kojcach, przez ca\u0142y dzie\u0144 maj\u0105 do dyspozycji ogromny teren naszej posesji. Dla matki i szczeniak\u00f3w stworzyli\u015bmy w domu specjalne pomieszczenie z przytuln\u0105 skrzyni\u0105 porodow\u0105 oraz miejscem do zabawy dla maluszk\u00f3w, w kt\u00f3rym bardzo dbamy o higien\u0119 i optymalne warunki dla rozwoju szczeni\u0105t. Staramy si\u0119 hodowa\u0107 zdrowe Bia\u0142e Owczarki Szwajcarskie o bardzo dobrym charakterze.<\/span><\/p>\n<p><img loading=\"lazy\" decoding=\"async\" class=\"aligncenter size-full wp-image-2796\" src=\"http:\/\/bialy-owczarek.pl\/wp-content\/uploads\/2019\/01\/ZZK_0503.jpg\" alt=\"\" width=\"2832\" height=\"2832\" srcset=\"https:\/\/bialy-owczarek.pl\/wp-content\/uploads\/2019\/01\/ZZK_0503.jpg 2832w, https:\/\/bialy-owczarek.pl\/wp-content\/uploads\/2019\/01\/ZZK_0503-145x145.jpg 145w, https:\/\/bialy-owczarek.pl\/wp-content\/uploads\/2019\/01\/ZZK_0503-300x300.jpg 300w, https:\/\/bialy-owczarek.pl\/wp-content\/uploads\/2019\/01\/ZZK_0503-768x768.jpg 768w, https:\/\/bialy-owczarek.pl\/wp-content\/uploads\/2019\/01\/ZZK_0503-1024x1024.jpg 1024w\" sizes=\"(max-width: 2832px) 100vw, 2832px\" \/><\/p>\n\n\n<figure class=\"wp-block-image size-large\"><img loading=\"lazy\" decoding=\"async\" width=\"666\" height=\"1024\" src=\"https:\/\/bialy-owczarek.pl\/wp-content\/uploads\/2026\/02\/25-666x1024.jpg\" alt=\"\" class=\"wp-image-3884\" srcset=\"https:\/\/bialy-owczarek.pl\/wp-content\/uploads\/2026\/02\/25-666x1024.jpg 666w, https:\/\/bialy-owczarek.pl\/wp-content\/uploads\/2026\/02\/25-195x300.jpg 195w, https:\/\/bialy-owczarek.pl\/wp-content\/uploads\/2026\/02\/25-768x1181.jpg 768w, https:\/\/bialy-owczarek.pl\/wp-content\/uploads\/2026\/02\/25-999x1536.jpg 999w, https:\/\/bialy-owczarek.pl\/wp-content\/uploads\/2026\/02\/25-1332x2048.jpg 1332w, https:\/\/bialy-owczarek.pl\/wp-content\/uploads\/2026\/02\/25-scaled.jpg 1665w\" sizes=\"(max-width: 666px) 100vw, 666px\" \/><\/figure>\n","protected":false},"excerpt":{"rendered":"<p>Zdecydowali\u015bmy si\u0119 hodowa\u0107 Bia\u0142e Owczarki Szwajcarskie, gdy zauwa\u017cyli\u015bmy ile rado\u015bci przynosi \u017cycie z tymi wspania\u0142ymi psami. Mamy na naszej posesji do\u015b\u0107 miejsca i idealne warunki do domowej hodowli ps\u00f3w. Hodowa\u0107 oczywi\u015bcie nie znaczy tylko posiada\u0107 suk\u0119 hodowlan\u0105 ale te\u017c odpowiedni\u0105 &hellip; <a href=\"https:\/\/bialy-owczarek.pl\/?page_id=218\">Continue reading <span class=\"meta-nav\">&rarr;<\/span><\/a><\/p>\n","protected":false},"author":1,"featured_media":0,"parent":0,"menu_order":0,"comment_status":"closed","ping_status":"open","template":"sidebar-page.php","meta":{"_monsterinsights_skip_tracking":false,"_monsterinsights_sitenote_active":false,"_monsterinsights_sitenote_note":"","_monsterinsights_sitenote_category":0,"footnotes":""},"_links":{"self":[{"href":"https:\/\/bialy-owczarek.pl\/index.php?rest_route=\/wp\/v2\/pages\/218"}],"collection":[{"href":"https:\/\/bialy-owczarek.pl\/index.php?rest_route=\/wp\/v2\/pages"}],"about":[{"href":"https:\/\/bialy-owczarek.pl\/index.php?rest_route=\/wp\/v2\/types\/page"}],"author":[{"embeddable":true,"href":"https:\/\/bialy-owczarek.pl\/index.php?rest_route=\/wp\/v2\/users\/1"}],"replies":[{"embeddable":true,"href":"https:\/\/bialy-owczarek.pl\/index.php?rest_route=%2Fwp%2Fv2%2Fcomments&post=218"}],"version-history":[{"count":15,"href":"https:\/\/bialy-owczarek.pl\/index.php?rest_route=\/wp\/v2\/pages\/218\/revisions"}],"predecessor-version":[{"id":3885,"href":"https:\/\/bialy-owczarek.pl\/index.php?rest_route=\/wp\/v2\/pages\/218\/revisions\/3885"}],"wp:attachment":[{"href":"https:\/\/bialy-owczarek.pl\/index.php?rest_route=%2Fwp%2Fv2%2Fmedia&parent=218"}],"curies":[{"name":"wp","href":"https:\/\/api.w.org\/{rel}","templated":true}]}}