{"id":1121,"date":"2013-08-09T20:33:35","date_gmt":"2013-08-09T20:33:35","guid":{"rendered":"http:\/\/bialy-owczarek.pl\/?page_id=1121"},"modified":"2015-10-15T19:14:11","modified_gmt":"2015-10-15T19:14:11","slug":"qui-sommes-nous","status":"publish","type":"page","link":"https:\/\/bialy-owczarek.pl\/?page_id=1121&amp;lang=fr","title":{"rendered":"Qui sommes-nous"},"content":{"rendered":"<p><span style=\"color: #000000;\"><a href=\"http:\/\/bialy-owczarek.pl\/?attachment_id=963\" rel=\"attachment wp-att-963\"><img loading=\"lazy\" decoding=\"async\" class=\"alignleft size-medium wp-image-963\" title=\"P6232185\" alt=\"\" src=\"http:\/\/bialy-owczarek.pl\/wp-content\/uploads\/2012\/09\/P6232185-300x225.jpg\" width=\"300\" height=\"225\" srcset=\"https:\/\/bialy-owczarek.pl\/wp-content\/uploads\/2012\/09\/P6232185-300x225.jpg 300w, https:\/\/bialy-owczarek.pl\/wp-content\/uploads\/2012\/09\/P6232185-1024x768.jpg 1024w, https:\/\/bialy-owczarek.pl\/wp-content\/uploads\/2012\/09\/P6232185-400x300.jpg 400w\" sizes=\"(max-width: 300px) 100vw, 300px\" \/><\/a> Nous avons d\u00e9cid\u00e9 d\u2019\u00e9lever les Bergers blancs suisses quand nous avons remarqu\u00e9 combien de joie ces chiens peuvent procurer \u00e0 leurs propri\u00e9taires. Chez nous, la\u00a0 place et les conditions sont parfaites pour un \u00e9levage domestique. Elever, cela ne veut pas seulement dire avoir un \u00e9levage mais aussi poss\u00e9der les connaissances de la race et les exigences de Zwi\u0105zekKynologiczny w Polsce (F\u00e9d\u00e9ration Cynologique Polonaise) et de la F\u00e9d\u00e9ration Cynologique Internationale. Nous avons approfondi nos connaissances en mati\u00e8re d\u2019\u00e9levage de chiens et avons contact\u00e9 d\u2019autre \u00e9leveurs, de Pologne et \u00e0 l\u2019\u00e9tranger. <\/span><\/p>\n<p><a href=\"http:\/\/bialy-owczarek.pl\/wp-content\/uploads\/2012\/09\/ZZK_5899.jpg\"><img loading=\"lazy\" decoding=\"async\" class=\"aligncenter size-full wp-image-2166\" alt=\"ZZK_5899\" src=\"http:\/\/bialy-owczarek.pl\/wp-content\/uploads\/2012\/09\/ZZK_5899.jpg\" width=\"3754\" height=\"2503\" srcset=\"https:\/\/bialy-owczarek.pl\/wp-content\/uploads\/2012\/09\/ZZK_5899.jpg 3754w, https:\/\/bialy-owczarek.pl\/wp-content\/uploads\/2012\/09\/ZZK_5899-300x200.jpg 300w, https:\/\/bialy-owczarek.pl\/wp-content\/uploads\/2012\/09\/ZZK_5899-1024x682.jpg 1024w, https:\/\/bialy-owczarek.pl\/wp-content\/uploads\/2012\/09\/ZZK_5899-449x300.jpg 449w\" sizes=\"(max-width: 3754px) 100vw, 3754px\" \/><\/a><span style=\"color: #000000;\">L\u2019amour du Berger blanc suisse est la condition indispensable pour ce m\u00e9tier. Elever signifie investir beaucoup de travail, de temps et, bien s\u00fbr, de responsabilit\u00e9. La confiance et l\u2019aide de nos amis \u00e9leveurs, une communication ouverte et honn\u00eate aident \u00e0 pr\u00e9server cette race comme nous l\u2019aimons. Nous nous assurons que nos chiens aient le plus de contactspossibles avec d\u2019autres gens et chiens, nous les emmenons avec nous en la ville, aux f\u00eates locales et aux concoursd&#8217;\u00e9quitation. Nos chiens ne sont jamais enferm\u00e9s, ils b\u00e9n\u00e9ficient de notre grande propri\u00e9t\u00e9 \u00e0 volont\u00e9. Pour la m\u00e8re et les chiots, nous avons cr\u00e9\u00e9 une pi\u00e8ce sp\u00e9ciale avec une caisse d\u00b4accouchement et une place de jeu pour les b\u00e9b\u00e9s o\u00f9 nous maintenons l\u2019hygi\u00e8ne et les conditions optimales pour leur d\u00e9veloppement. Nous t\u00e2chons d\u2019\u00e9lever des bergers de bon caract\u00e8re et en bonne sant\u00e9. <\/span><\/p>\n<p><span style=\"color: #000000;\"><a href=\"http:\/\/bialy-owczarek.pl\/?attachment_id=535\" rel=\"attachment wp-att-535\"><img loading=\"lazy\" decoding=\"async\" class=\"aligncenter size-full wp-image-535\" title=\"DSC_5744\" alt=\"\" src=\"http:\/\/bialy-owczarek.pl\/wp-content\/uploads\/2011\/12\/DSC_5744.jpg\" width=\"800\" height=\"531\" srcset=\"https:\/\/bialy-owczarek.pl\/wp-content\/uploads\/2011\/12\/DSC_5744.jpg 800w, https:\/\/bialy-owczarek.pl\/wp-content\/uploads\/2011\/12\/DSC_5744-300x199.jpg 300w, https:\/\/bialy-owczarek.pl\/wp-content\/uploads\/2011\/12\/DSC_5744-451x300.jpg 451w\" sizes=\"(max-width: 800px) 100vw, 800px\" \/><\/a><\/span><a href=\"http:\/\/bialy-owczarek.pl\/wp-content\/uploads\/2012\/09\/ZZK_5727.jpg\"><img loading=\"lazy\" decoding=\"async\" class=\"aligncenter size-full wp-image-2167\" alt=\"ZZK_5727\" src=\"http:\/\/bialy-owczarek.pl\/wp-content\/uploads\/2012\/09\/ZZK_5727.jpg\" width=\"4031\" height=\"2687\" srcset=\"https:\/\/bialy-owczarek.pl\/wp-content\/uploads\/2012\/09\/ZZK_5727.jpg 4031w, https:\/\/bialy-owczarek.pl\/wp-content\/uploads\/2012\/09\/ZZK_5727-300x199.jpg 300w, https:\/\/bialy-owczarek.pl\/wp-content\/uploads\/2012\/09\/ZZK_5727-1024x682.jpg 1024w, https:\/\/bialy-owczarek.pl\/wp-content\/uploads\/2012\/09\/ZZK_5727-450x300.jpg 450w\" sizes=\"(max-width: 4031px) 100vw, 4031px\" \/><\/a><\/p>\n","protected":false},"excerpt":{"rendered":"<p>Nous avons d\u00e9cid\u00e9 d\u2019\u00e9lever les Bergers blancs suisses quand nous avons remarqu\u00e9 combien de joie ces chiens peuvent procurer \u00e0 leurs propri\u00e9taires. Chez nous, la\u00a0 place et les conditions sont parfaites pour un \u00e9levage domestique. Elever, cela ne veut pas &hellip; <a href=\"https:\/\/bialy-owczarek.pl\/?page_id=1121&#038;lang=fr\">Continue reading <span class=\"meta-nav\">&rarr;<\/span><\/a><\/p>\n","protected":false},"author":2,"featured_media":0,"parent":0,"menu_order":0,"comment_status":"closed","ping_status":"open","template":"sidebar-page.php","meta":{"_monsterinsights_skip_tracking":false,"_monsterinsights_sitenote_active":false,"_monsterinsights_sitenote_note":"","_monsterinsights_sitenote_category":0,"footnotes":""},"_links":{"self":[{"href":"https:\/\/bialy-owczarek.pl\/index.php?rest_route=\/wp\/v2\/pages\/1121"}],"collection":[{"href":"https:\/\/bialy-owczarek.pl\/index.php?rest_route=\/wp\/v2\/pages"}],"about":[{"href":"https:\/\/bialy-owczarek.pl\/index.php?rest_route=\/wp\/v2\/types\/page"}],"author":[{"embeddable":true,"href":"https:\/\/bialy-owczarek.pl\/index.php?rest_route=\/wp\/v2\/users\/2"}],"replies":[{"embeddable":true,"href":"https:\/\/bialy-owczarek.pl\/index.php?rest_route=%2Fwp%2Fv2%2Fcomments&post=1121"}],"version-history":[{"count":3,"href":"https:\/\/bialy-owczarek.pl\/index.php?rest_route=\/wp\/v2\/pages\/1121\/revisions"}],"predecessor-version":[{"id":2171,"href":"https:\/\/bialy-owczarek.pl\/index.php?rest_route=\/wp\/v2\/pages\/1121\/revisions\/2171"}],"wp:attachment":[{"href":"https:\/\/bialy-owczarek.pl\/index.php?rest_route=%2Fwp%2Fv2%2Fmedia&parent=1121"}],"curies":[{"name":"wp","href":"https:\/\/api.w.org\/{rel}","templated":true}]}}