{"id":8,"date":"2011-09-20T08:41:27","date_gmt":"2011-09-20T08:41:27","guid":{"rendered":"http:\/\/bialy-owczarek.pl\/?page_id=8"},"modified":"2013-07-17T20:11:23","modified_gmt":"2013-07-17T20:11:23","slug":"mioty","status":"publish","type":"page","link":"http:\/\/bialy-owczarek.pl\/?page_id=8","title":{"rendered":"Mioty"},"content":{"rendered":"<p><span style=\"color: #000000;\">Szczeniaki z naszej hodowli s\u0105 starannie odchowane w domu pod \u015bcis\u0142\u0105 kontrol\u0105, w\u015br\u00f3d nas i innych ps\u00f3w oraz kota i koni. Od pocz\u0105tku maj\u0105 bliski i sta\u0142y kontakt z naszymi dzie\u0107mi i innymi psami co umo\u017cliwia im prawid\u0142owy rozw\u00f3j psychofizyczny. Maluchy s\u0105 pod sta\u0142\u0105 opiek\u0105 weterynarza specjalisty.<\/span><\/p>\n<p><span style=\"color: #000000;\">Maluchy od urodzenia przebywaj\u0105 z dzie\u0107mi, s\u0105 do nich przyzwyczajone i bez problem\u00f3w akceptuj\u0105 ma\u0142ych domownik\u00f3w. S\u0105 dla nich weso\u0142ymi kumplami i pe\u0142nymi oddania przyjaci\u00f3\u0142mi.<\/span><\/p>\n<p><span style=\"color: #000000;\">Dla prawid\u0142owego rozwoju szczeniak\u00f3w bardzo wa\u017cne jest aby przebywa\u0142y z matk\u0105 do minimum 9 tygodnia \u017cycia. Mamy idealne warunki do tego aby szczeni\u0119ta zosta\u0142y u nas tak d\u0142ugo i nie zale\u017cy nam na tym aby je jak najszybciej odda\u0107.<\/span><\/p>\n<p><span style=\"color: #000000;\">Bardzo staramy si\u0119 przy socjalizacji naszych szczeniak\u00f3w, co zawsze przynosi\u0142o \u015bwietne efekty. Podr\u00f3\u017cujemy z nimi samochodem, zabieramy do miasta, parku, szko\u0142y, przedszkola, konfrontujemy z nowymi sytuacjami i obcymi lud\u017ami i psami.<\/span><\/p>\n<p><span style=\"color: #000000;\">Nasze Bia\u0142e Owczarki Szwajcarskie s\u0105 psami zr\u00f3wnowa\u017conymi, otwartymi, sympatycznymi i weso\u0142ymi, szybko odnajduj\u0105 swoje miejsce w nowych domach, \u0142atwo nawi\u0105zuj\u0105 przyja\u017a\u0144 z lud\u017ami oraz zwierz\u0119tami z kt\u00f3rymi b\u0119d\u0105 \u017cy\u0107.<\/span><\/p>\n<p>\u00a0 <a href=\"http:\/\/bialy-owczarek.pl\/?attachment_id=752\" rel=\"attachment wp-att-752\"><img loading=\"lazy\" decoding=\"async\" class=\"size-medium wp-image-752 alignnone\" title=\"PC111728\" src=\"http:\/\/bialy-owczarek.pl\/wp-content\/uploads\/2012\/11\/PC111728-300x225.jpg\" alt=\"\" width=\"170\" height=\"129\" srcset=\"http:\/\/bialy-owczarek.pl\/wp-content\/uploads\/2012\/11\/PC111728-300x225.jpg 300w, http:\/\/bialy-owczarek.pl\/wp-content\/uploads\/2012\/11\/PC111728-1024x768.jpg 1024w, http:\/\/bialy-owczarek.pl\/wp-content\/uploads\/2012\/11\/PC111728-400x300.jpg 400w\" sizes=\"(max-width: 170px) 100vw, 170px\" \/><\/a> <a href=\"http:\/\/bialy-owczarek.pl\/?attachment_id=753\" rel=\"attachment wp-att-753\"><img loading=\"lazy\" decoding=\"async\" class=\"alignnone size-medium wp-image-753\" title=\"PC111786\" src=\"http:\/\/bialy-owczarek.pl\/wp-content\/uploads\/2012\/11\/PC111786-300x225.jpg\" alt=\"\" width=\"180\" height=\"138\" \/><\/a><a href=\"http:\/\/bialy-owczarek.pl\/?attachment_id=754\" rel=\"attachment wp-att-754\"><img loading=\"lazy\" decoding=\"async\" class=\"alignnone size-medium wp-image-754\" title=\"PC111829\" src=\"http:\/\/bialy-owczarek.pl\/wp-content\/uploads\/2012\/11\/PC111829-300x225.jpg\" alt=\"\" width=\"174\" height=\"133\" \/><\/a><\/p>\n<p><span style=\"color: #000000;\"> Przy odbiorze maluchy b\u0119d\u0105 po przegl\u0105dzie Komisji Zwi\u0105zku Kynologicznego z oddzia\u0142u w Chojnicach, b\u0119d\u0105 3 x odrobaczone, zaszczepione, wyposa\u017cone w wyprawk\u0119, ksi\u0105\u017ceczk\u0119 zdrowia, chip, opcjonalnie paszport UE, w metryk\u0119 opatrzon\u0105 w hologram Zwi\u0105zku Kynologicznego w Polsce, na podstawie kt\u00f3rej wyrabia si\u0119 rodow\u00f3d, kserokopi\u0119 protoko\u0142u kontroli miotu, rodowod\u00f3w rodzic\u00f3w i karty szczeniaka. Metryka pochodzenia FCI nie nak\u0142ada na w\u0142a\u015bciciela\u00a0 obowi\u0105zku brania udzia\u0142u\u00a0 w wystawach, daje natomiast gwarancje czysto\u015bci rasy 100% Bia\u0142ego Owczarka Szwajcarskiego, psa o okre\u015blonych cechach psychicznych i wygl\u0105dzie oraz przy przebadanych przodkach pozwala wyeliminowa\u0107 lub zminimalizowa\u0107 ryzyko wyst\u0105pienia wielu chor\u00f3b dziedzicznych. Posiadaj\u0105c psa z rodowodem Zwi\u0105zku Kynologicznego w Polsce mo\u017cemy uczestniczy\u0107 w wielu imprezach, zawodach konkursach i wystawach kynologicznych, nie dost\u0119pnych dla posiadaczy ps\u00f3w bez rodowodu. Na podstawie wystaw ZKwP psy s\u0105 kwalifikowane przez kompetentnych s\u0119dzi\u00f3w kynologicznych do rozp\u0142odu. Jako jedyny w Polsce rodow\u00f3d ten z ZKwP jest honorowany przez Mi\u0119dzynarodow\u0105 Federacj\u0105 Kynologiczn\u0105 FCI. <\/span><\/p>\n","protected":false},"excerpt":{"rendered":"<p>Szczeniaki z naszej hodowli s\u0105 starannie odchowane w domu pod \u015bcis\u0142\u0105 kontrol\u0105, w\u015br\u00f3d nas i innych ps\u00f3w oraz kota i koni. Od pocz\u0105tku maj\u0105 bliski i sta\u0142y kontakt z naszymi dzie\u0107mi i innymi psami co umo\u017cliwia im prawid\u0142owy rozw\u00f3j psychofizyczny. &hellip; <a href=\"http:\/\/bialy-owczarek.pl\/?page_id=8\">Continue reading <span class=\"meta-nav\">&rarr;<\/span><\/a><\/p>\n","protected":false},"author":1,"featured_media":0,"parent":0,"menu_order":0,"comment_status":"closed","ping_status":"open","template":"sidebar-page.php","meta":{"_monsterinsights_skip_tracking":false,"_monsterinsights_sitenote_active":false,"_monsterinsights_sitenote_note":"","_monsterinsights_sitenote_category":0,"footnotes":""},"_links":{"self":[{"href":"http:\/\/bialy-owczarek.pl\/index.php?rest_route=\/wp\/v2\/pages\/8"}],"collection":[{"href":"http:\/\/bialy-owczarek.pl\/index.php?rest_route=\/wp\/v2\/pages"}],"about":[{"href":"http:\/\/bialy-owczarek.pl\/index.php?rest_route=\/wp\/v2\/types\/page"}],"author":[{"embeddable":true,"href":"http:\/\/bialy-owczarek.pl\/index.php?rest_route=\/wp\/v2\/users\/1"}],"replies":[{"embeddable":true,"href":"http:\/\/bialy-owczarek.pl\/index.php?rest_route=%2Fwp%2Fv2%2Fcomments&post=8"}],"version-history":[{"count":10,"href":"http:\/\/bialy-owczarek.pl\/index.php?rest_route=\/wp\/v2\/pages\/8\/revisions"}],"predecessor-version":[{"id":948,"href":"http:\/\/bialy-owczarek.pl\/index.php?rest_route=\/wp\/v2\/pages\/8\/revisions\/948"}],"wp:attachment":[{"href":"http:\/\/bialy-owczarek.pl\/index.php?rest_route=%2Fwp%2Fv2%2Fmedia&parent=8"}],"curies":[{"name":"wp","href":"https:\/\/api.w.org\/{rel}","templated":true}]}}