{"id":3066,"date":"2020-07-02T19:36:29","date_gmt":"2020-07-02T19:36:29","guid":{"rendered":"http:\/\/bialy-owczarek.pl\/?page_id=3066"},"modified":"2023-01-22T15:49:46","modified_gmt":"2023-01-22T15:49:46","slug":"covenant-nefertiti-carla","status":"publish","type":"page","link":"http:\/\/bialy-owczarek.pl\/?page_id=3066","title":{"rendered":"Covenant NEFERTITI (Carla)"},"content":{"rendered":"\n<figure class=\"wp-block-image size-large\"><img loading=\"lazy\" decoding=\"async\" width=\"1024\" height=\"683\" src=\"http:\/\/bialy-owczarek.pl\/wp-content\/uploads\/2021\/06\/DSC_0759-1024x683.jpg\" alt=\"\" class=\"wp-image-3175\" srcset=\"http:\/\/bialy-owczarek.pl\/wp-content\/uploads\/2021\/06\/DSC_0759-1024x683.jpg 1024w, http:\/\/bialy-owczarek.pl\/wp-content\/uploads\/2021\/06\/DSC_0759-300x200.jpg 300w, http:\/\/bialy-owczarek.pl\/wp-content\/uploads\/2021\/06\/DSC_0759-768x512.jpg 768w, http:\/\/bialy-owczarek.pl\/wp-content\/uploads\/2021\/06\/DSC_0759-1536x1024.jpg 1536w, http:\/\/bialy-owczarek.pl\/wp-content\/uploads\/2021\/06\/DSC_0759-2048x1365.jpg 2048w, http:\/\/bialy-owczarek.pl\/wp-content\/uploads\/2021\/06\/DSC_0759-450x300.jpg 450w\" sizes=\"(max-width: 1024px) 100vw, 1024px\" \/><\/figure>\n\n\n\n<h4 class=\"wp-block-heading\">Import <strong>W\u0142ochy<\/strong><\/h4>\n\n\n\n<p>matka: <strong>Honey De La Condesa Del Alba<\/strong><\/p>\n\n\n\n<p>ojciec: <strong>Aragon De La Condesa Del Alba<\/strong><\/p>\n\n\n\n<figure class=\"wp-block-table\"><table class=\"\"><tbody><tr><td>\n\ndata urodzenia\n\n<\/td><td>\n\n26.02.2020\n\n<\/td><\/tr><tr><td>\n\nwzrost\n\n<\/td><td> &nbsp; 58cm<\/td><\/tr><tr><td>\n\nwaga\n\n<\/td><td> &nbsp; 34kg<\/td><\/tr><tr><td> HD&nbsp;A                    <\/td><td> ED&nbsp; 0\/0<\/td><\/tr><tr><td>\n\nMDR1\n\n<\/td><td>\n\n&nbsp;+\/-\n\n<\/td><\/tr><tr><td>\n\nDM\n\n<\/td><td>\n\nN\/N\n\n<\/td><\/tr><tr><td> DWARF<\/td><td> N\/N<\/td><\/tr><\/tbody><\/table><\/figure>\n\n\n\n<p>Carla to siostra naszego ju\u017c nie \u017cyj\u0105cego Guido. Suczka o wyj\u0105tkowo dobrze zapowiadaj\u0105cym si\u0119 charakterze i eksterierze.\u00a0 Jest kontaktowa, aktywna i ciekawska.\u00a0Jest to suczka mocnej budowie i o pi\u0119knym prostym w\u0142osie. Carla ma bardzo spokojny i zr\u00f3wnowa\u017cony charakter, jest bardzo cierpliwa i delikatna do dzieci. Jej pierwszy miot urodzi\u0142 si\u0119 w 2022r, Carla jest troskliw\u0105 matk\u0105 i szczeniaki po niej odziedziczy\u0142y jej wspania\u0142y temperament oraz urod\u0119.<\/p>\n\n\n\n<figure class=\"wp-block-image size-large\"><img loading=\"lazy\" decoding=\"async\" width=\"1024\" height=\"787\" src=\"http:\/\/bialy-owczarek.pl\/wp-content\/uploads\/2023\/01\/IMG_1595-1024x787.jpg\" alt=\"\" class=\"wp-image-3489\" srcset=\"http:\/\/bialy-owczarek.pl\/wp-content\/uploads\/2023\/01\/IMG_1595-1024x787.jpg 1024w, http:\/\/bialy-owczarek.pl\/wp-content\/uploads\/2023\/01\/IMG_1595-300x231.jpg 300w, http:\/\/bialy-owczarek.pl\/wp-content\/uploads\/2023\/01\/IMG_1595-768x591.jpg 768w, http:\/\/bialy-owczarek.pl\/wp-content\/uploads\/2023\/01\/IMG_1595-1536x1181.jpg 1536w, http:\/\/bialy-owczarek.pl\/wp-content\/uploads\/2023\/01\/IMG_1595-390x300.jpg 390w, http:\/\/bialy-owczarek.pl\/wp-content\/uploads\/2023\/01\/IMG_1595.jpg 2000w\" sizes=\"(max-width: 1024px) 100vw, 1024px\" \/><\/figure>\n\n\n\n<figure class=\"wp-block-image size-large\"><img loading=\"lazy\" decoding=\"async\" width=\"1024\" height=\"705\" src=\"http:\/\/bialy-owczarek.pl\/wp-content\/uploads\/2023\/01\/IMG_1628-1024x705.jpg\" alt=\"\" class=\"wp-image-3490\" srcset=\"http:\/\/bialy-owczarek.pl\/wp-content\/uploads\/2023\/01\/IMG_1628-1024x705.jpg 1024w, http:\/\/bialy-owczarek.pl\/wp-content\/uploads\/2023\/01\/IMG_1628-300x206.jpg 300w, http:\/\/bialy-owczarek.pl\/wp-content\/uploads\/2023\/01\/IMG_1628-768x528.jpg 768w, http:\/\/bialy-owczarek.pl\/wp-content\/uploads\/2023\/01\/IMG_1628-1536x1057.jpg 1536w, http:\/\/bialy-owczarek.pl\/wp-content\/uploads\/2023\/01\/IMG_1628-436x300.jpg 436w, http:\/\/bialy-owczarek.pl\/wp-content\/uploads\/2023\/01\/IMG_1628.jpg 2000w\" sizes=\"(max-width: 1024px) 100vw, 1024px\" \/><\/figure>\n\n\n<p><!--EndFragment--><\/p>\n<p><\/p>\n\n\n<figure class=\"wp-block-gallery columns-3 is-cropped wp-block-gallery-1 is-layout-flex wp-block-gallery-is-layout-flex\"><ul class=\"blocks-gallery-grid\"><li class=\"blocks-gallery-item\"><figure><img loading=\"lazy\" decoding=\"async\" width=\"1024\" height=\"683\" src=\"http:\/\/bialy-owczarek.pl\/wp-content\/uploads\/2020\/07\/DSC07474-1024x683.jpg\" alt=\"\" data-id=\"3068\" data-full-url=\"http:\/\/bialy-owczarek.pl\/wp-content\/uploads\/2020\/07\/DSC07474-scaled.jpg\" data-link=\"http:\/\/bialy-owczarek.pl\/?attachment_id=3068\" class=\"wp-image-3068\" srcset=\"http:\/\/bialy-owczarek.pl\/wp-content\/uploads\/2020\/07\/DSC07474-1024x683.jpg 1024w, http:\/\/bialy-owczarek.pl\/wp-content\/uploads\/2020\/07\/DSC07474-300x200.jpg 300w, http:\/\/bialy-owczarek.pl\/wp-content\/uploads\/2020\/07\/DSC07474-768x512.jpg 768w, http:\/\/bialy-owczarek.pl\/wp-content\/uploads\/2020\/07\/DSC07474-1536x1024.jpg 1536w, http:\/\/bialy-owczarek.pl\/wp-content\/uploads\/2020\/07\/DSC07474-2048x1365.jpg 2048w, http:\/\/bialy-owczarek.pl\/wp-content\/uploads\/2020\/07\/DSC07474-450x300.jpg 450w\" sizes=\"(max-width: 1024px) 100vw, 1024px\" \/><\/figure><\/li><li class=\"blocks-gallery-item\"><figure><img loading=\"lazy\" decoding=\"async\" width=\"1024\" height=\"683\" src=\"http:\/\/bialy-owczarek.pl\/wp-content\/uploads\/2020\/07\/DSC07488-1024x683.jpg\" alt=\"\" data-id=\"3069\" data-full-url=\"http:\/\/bialy-owczarek.pl\/wp-content\/uploads\/2020\/07\/DSC07488-scaled.jpg\" data-link=\"http:\/\/bialy-owczarek.pl\/?attachment_id=3069\" class=\"wp-image-3069\" srcset=\"http:\/\/bialy-owczarek.pl\/wp-content\/uploads\/2020\/07\/DSC07488-1024x683.jpg 1024w, http:\/\/bialy-owczarek.pl\/wp-content\/uploads\/2020\/07\/DSC07488-300x200.jpg 300w, http:\/\/bialy-owczarek.pl\/wp-content\/uploads\/2020\/07\/DSC07488-768x512.jpg 768w, http:\/\/bialy-owczarek.pl\/wp-content\/uploads\/2020\/07\/DSC07488-1536x1024.jpg 1536w, http:\/\/bialy-owczarek.pl\/wp-content\/uploads\/2020\/07\/DSC07488-2048x1365.jpg 2048w, http:\/\/bialy-owczarek.pl\/wp-content\/uploads\/2020\/07\/DSC07488-450x300.jpg 450w\" sizes=\"(max-width: 1024px) 100vw, 1024px\" \/><\/figure><\/li><li class=\"blocks-gallery-item\"><figure><img loading=\"lazy\" decoding=\"async\" width=\"1024\" height=\"683\" src=\"http:\/\/bialy-owczarek.pl\/wp-content\/uploads\/2020\/07\/DSC07495-1024x683.jpg\" alt=\"\" data-id=\"3070\" data-full-url=\"http:\/\/bialy-owczarek.pl\/wp-content\/uploads\/2020\/07\/DSC07495-scaled.jpg\" data-link=\"http:\/\/bialy-owczarek.pl\/?attachment_id=3070\" class=\"wp-image-3070\" srcset=\"http:\/\/bialy-owczarek.pl\/wp-content\/uploads\/2020\/07\/DSC07495-1024x683.jpg 1024w, http:\/\/bialy-owczarek.pl\/wp-content\/uploads\/2020\/07\/DSC07495-300x200.jpg 300w, http:\/\/bialy-owczarek.pl\/wp-content\/uploads\/2020\/07\/DSC07495-768x512.jpg 768w, http:\/\/bialy-owczarek.pl\/wp-content\/uploads\/2020\/07\/DSC07495-1536x1024.jpg 1536w, http:\/\/bialy-owczarek.pl\/wp-content\/uploads\/2020\/07\/DSC07495-2048x1366.jpg 2048w, http:\/\/bialy-owczarek.pl\/wp-content\/uploads\/2020\/07\/DSC07495-450x300.jpg 450w\" sizes=\"(max-width: 1024px) 100vw, 1024px\" \/><\/figure><\/li><li class=\"blocks-gallery-item\"><figure><img loading=\"lazy\" decoding=\"async\" width=\"1024\" height=\"683\" src=\"http:\/\/bialy-owczarek.pl\/wp-content\/uploads\/2020\/07\/DSC07552-1024x683.jpg\" alt=\"\" data-id=\"3071\" data-full-url=\"http:\/\/bialy-owczarek.pl\/wp-content\/uploads\/2020\/07\/DSC07552-scaled.jpg\" data-link=\"http:\/\/bialy-owczarek.pl\/?attachment_id=3071\" class=\"wp-image-3071\" srcset=\"http:\/\/bialy-owczarek.pl\/wp-content\/uploads\/2020\/07\/DSC07552-1024x683.jpg 1024w, http:\/\/bialy-owczarek.pl\/wp-content\/uploads\/2020\/07\/DSC07552-300x200.jpg 300w, http:\/\/bialy-owczarek.pl\/wp-content\/uploads\/2020\/07\/DSC07552-768x512.jpg 768w, http:\/\/bialy-owczarek.pl\/wp-content\/uploads\/2020\/07\/DSC07552-1536x1024.jpg 1536w, http:\/\/bialy-owczarek.pl\/wp-content\/uploads\/2020\/07\/DSC07552-2048x1365.jpg 2048w, http:\/\/bialy-owczarek.pl\/wp-content\/uploads\/2020\/07\/DSC07552-450x300.jpg 450w\" sizes=\"(max-width: 1024px) 100vw, 1024px\" \/><\/figure><\/li><li class=\"blocks-gallery-item\"><figure><img loading=\"lazy\" decoding=\"async\" width=\"1024\" height=\"683\" src=\"http:\/\/bialy-owczarek.pl\/wp-content\/uploads\/2020\/07\/DSC07563-1024x683.jpg\" alt=\"\" data-id=\"3072\" data-full-url=\"http:\/\/bialy-owczarek.pl\/wp-content\/uploads\/2020\/07\/DSC07563-scaled.jpg\" data-link=\"http:\/\/bialy-owczarek.pl\/?attachment_id=3072\" class=\"wp-image-3072\" srcset=\"http:\/\/bialy-owczarek.pl\/wp-content\/uploads\/2020\/07\/DSC07563-1024x683.jpg 1024w, http:\/\/bialy-owczarek.pl\/wp-content\/uploads\/2020\/07\/DSC07563-300x200.jpg 300w, http:\/\/bialy-owczarek.pl\/wp-content\/uploads\/2020\/07\/DSC07563-768x512.jpg 768w, http:\/\/bialy-owczarek.pl\/wp-content\/uploads\/2020\/07\/DSC07563-1536x1024.jpg 1536w, http:\/\/bialy-owczarek.pl\/wp-content\/uploads\/2020\/07\/DSC07563-2048x1365.jpg 2048w, http:\/\/bialy-owczarek.pl\/wp-content\/uploads\/2020\/07\/DSC07563-450x300.jpg 450w\" sizes=\"(max-width: 1024px) 100vw, 1024px\" \/><\/figure><\/li><li class=\"blocks-gallery-item\"><figure><img loading=\"lazy\" decoding=\"async\" width=\"1024\" height=\"682\" src=\"http:\/\/bialy-owczarek.pl\/wp-content\/uploads\/2020\/07\/DSC07569-1024x682.jpg\" alt=\"\" data-id=\"3073\" data-full-url=\"http:\/\/bialy-owczarek.pl\/wp-content\/uploads\/2020\/07\/DSC07569-scaled.jpg\" data-link=\"http:\/\/bialy-owczarek.pl\/?attachment_id=3073\" class=\"wp-image-3073\" srcset=\"http:\/\/bialy-owczarek.pl\/wp-content\/uploads\/2020\/07\/DSC07569-1024x682.jpg 1024w, http:\/\/bialy-owczarek.pl\/wp-content\/uploads\/2020\/07\/DSC07569-300x200.jpg 300w, http:\/\/bialy-owczarek.pl\/wp-content\/uploads\/2020\/07\/DSC07569-768x512.jpg 768w, http:\/\/bialy-owczarek.pl\/wp-content\/uploads\/2020\/07\/DSC07569-1536x1024.jpg 1536w, http:\/\/bialy-owczarek.pl\/wp-content\/uploads\/2020\/07\/DSC07569-2048x1365.jpg 2048w, http:\/\/bialy-owczarek.pl\/wp-content\/uploads\/2020\/07\/DSC07569-450x300.jpg 450w\" sizes=\"(max-width: 1024px) 100vw, 1024px\" \/><\/figure><\/li><\/ul><\/figure>\n\n\n\n<figure class=\"wp-block-gallery columns-3 is-cropped wp-block-gallery-2 is-layout-flex wp-block-gallery-is-layout-flex\"><ul class=\"blocks-gallery-grid\"><li class=\"blocks-gallery-item\"><figure><img loading=\"lazy\" decoding=\"async\" width=\"1024\" height=\"682\" src=\"http:\/\/bialy-owczarek.pl\/wp-content\/uploads\/2021\/01\/DSC02206-1024x682.jpg\" alt=\"\" data-id=\"3131\" data-link=\"http:\/\/bialy-owczarek.pl\/?attachment_id=3131\" class=\"wp-image-3131\" srcset=\"http:\/\/bialy-owczarek.pl\/wp-content\/uploads\/2021\/01\/DSC02206-1024x682.jpg 1024w, http:\/\/bialy-owczarek.pl\/wp-content\/uploads\/2021\/01\/DSC02206-300x200.jpg 300w, http:\/\/bialy-owczarek.pl\/wp-content\/uploads\/2021\/01\/DSC02206-768x512.jpg 768w, http:\/\/bialy-owczarek.pl\/wp-content\/uploads\/2021\/01\/DSC02206-1536x1024.jpg 1536w, http:\/\/bialy-owczarek.pl\/wp-content\/uploads\/2021\/01\/DSC02206-2048x1365.jpg 2048w, http:\/\/bialy-owczarek.pl\/wp-content\/uploads\/2021\/01\/DSC02206-450x300.jpg 450w\" sizes=\"(max-width: 1024px) 100vw, 1024px\" \/><\/figure><\/li><li class=\"blocks-gallery-item\"><figure><img loading=\"lazy\" decoding=\"async\" width=\"1024\" height=\"683\" src=\"http:\/\/bialy-owczarek.pl\/wp-content\/uploads\/2021\/01\/DSC02223-1024x683.jpg\" alt=\"\" data-id=\"3132\" data-link=\"http:\/\/bialy-owczarek.pl\/?attachment_id=3132\" class=\"wp-image-3132\" srcset=\"http:\/\/bialy-owczarek.pl\/wp-content\/uploads\/2021\/01\/DSC02223-1024x683.jpg 1024w, http:\/\/bialy-owczarek.pl\/wp-content\/uploads\/2021\/01\/DSC02223-300x200.jpg 300w, http:\/\/bialy-owczarek.pl\/wp-content\/uploads\/2021\/01\/DSC02223-768x512.jpg 768w, http:\/\/bialy-owczarek.pl\/wp-content\/uploads\/2021\/01\/DSC02223-1536x1024.jpg 1536w, http:\/\/bialy-owczarek.pl\/wp-content\/uploads\/2021\/01\/DSC02223-2048x1365.jpg 2048w, http:\/\/bialy-owczarek.pl\/wp-content\/uploads\/2021\/01\/DSC02223-450x300.jpg 450w\" sizes=\"(max-width: 1024px) 100vw, 1024px\" \/><\/figure><\/li><li class=\"blocks-gallery-item\"><figure><img loading=\"lazy\" decoding=\"async\" width=\"683\" height=\"1024\" src=\"http:\/\/bialy-owczarek.pl\/wp-content\/uploads\/2021\/01\/DSC02226-683x1024.jpg\" alt=\"\" data-id=\"3134\" data-link=\"http:\/\/bialy-owczarek.pl\/?attachment_id=3134\" class=\"wp-image-3134\" srcset=\"http:\/\/bialy-owczarek.pl\/wp-content\/uploads\/2021\/01\/DSC02226-683x1024.jpg 683w, http:\/\/bialy-owczarek.pl\/wp-content\/uploads\/2021\/01\/DSC02226-200x300.jpg 200w, http:\/\/bialy-owczarek.pl\/wp-content\/uploads\/2021\/01\/DSC02226-768x1152.jpg 768w, http:\/\/bialy-owczarek.pl\/wp-content\/uploads\/2021\/01\/DSC02226-1024x1536.jpg 1024w, http:\/\/bialy-owczarek.pl\/wp-content\/uploads\/2021\/01\/DSC02226-1365x2048.jpg 1365w, http:\/\/bialy-owczarek.pl\/wp-content\/uploads\/2021\/01\/DSC02226-scaled.jpg 1707w\" sizes=\"(max-width: 683px) 100vw, 683px\" \/><\/figure><\/li><li class=\"blocks-gallery-item\"><figure><img loading=\"lazy\" decoding=\"async\" width=\"1024\" height=\"683\" src=\"http:\/\/bialy-owczarek.pl\/wp-content\/uploads\/2021\/01\/DSC02233-1024x683.jpg\" alt=\"\" data-id=\"3135\" data-link=\"http:\/\/bialy-owczarek.pl\/?attachment_id=3135\" class=\"wp-image-3135\" srcset=\"http:\/\/bialy-owczarek.pl\/wp-content\/uploads\/2021\/01\/DSC02233-1024x683.jpg 1024w, http:\/\/bialy-owczarek.pl\/wp-content\/uploads\/2021\/01\/DSC02233-300x200.jpg 300w, http:\/\/bialy-owczarek.pl\/wp-content\/uploads\/2021\/01\/DSC02233-768x512.jpg 768w, http:\/\/bialy-owczarek.pl\/wp-content\/uploads\/2021\/01\/DSC02233-1536x1024.jpg 1536w, http:\/\/bialy-owczarek.pl\/wp-content\/uploads\/2021\/01\/DSC02233-2048x1365.jpg 2048w, http:\/\/bialy-owczarek.pl\/wp-content\/uploads\/2021\/01\/DSC02233-450x300.jpg 450w\" sizes=\"(max-width: 1024px) 100vw, 1024px\" \/><\/figure><\/li><li class=\"blocks-gallery-item\"><figure><img loading=\"lazy\" decoding=\"async\" width=\"1024\" height=\"683\" src=\"http:\/\/bialy-owczarek.pl\/wp-content\/uploads\/2021\/01\/DSC02239-1024x683.jpg\" alt=\"\" data-id=\"3136\" data-link=\"http:\/\/bialy-owczarek.pl\/?attachment_id=3136\" class=\"wp-image-3136\" srcset=\"http:\/\/bialy-owczarek.pl\/wp-content\/uploads\/2021\/01\/DSC02239-1024x683.jpg 1024w, http:\/\/bialy-owczarek.pl\/wp-content\/uploads\/2021\/01\/DSC02239-300x200.jpg 300w, http:\/\/bialy-owczarek.pl\/wp-content\/uploads\/2021\/01\/DSC02239-768x512.jpg 768w, http:\/\/bialy-owczarek.pl\/wp-content\/uploads\/2021\/01\/DSC02239-1536x1024.jpg 1536w, http:\/\/bialy-owczarek.pl\/wp-content\/uploads\/2021\/01\/DSC02239-2048x1365.jpg 2048w, http:\/\/bialy-owczarek.pl\/wp-content\/uploads\/2021\/01\/DSC02239-450x300.jpg 450w\" sizes=\"(max-width: 1024px) 100vw, 1024px\" \/><\/figure><\/li><li class=\"blocks-gallery-item\"><figure><img loading=\"lazy\" decoding=\"async\" width=\"1024\" height=\"683\" src=\"http:\/\/bialy-owczarek.pl\/wp-content\/uploads\/2021\/06\/DSC02219-1024x683.jpg\" alt=\"\" data-id=\"3176\" data-full-url=\"http:\/\/bialy-owczarek.pl\/wp-content\/uploads\/2021\/06\/DSC02219-scaled.jpg\" data-link=\"http:\/\/bialy-owczarek.pl\/?attachment_id=3176\" class=\"wp-image-3176\" srcset=\"http:\/\/bialy-owczarek.pl\/wp-content\/uploads\/2021\/06\/DSC02219-1024x683.jpg 1024w, http:\/\/bialy-owczarek.pl\/wp-content\/uploads\/2021\/06\/DSC02219-300x200.jpg 300w, http:\/\/bialy-owczarek.pl\/wp-content\/uploads\/2021\/06\/DSC02219-768x512.jpg 768w, http:\/\/bialy-owczarek.pl\/wp-content\/uploads\/2021\/06\/DSC02219-1536x1024.jpg 1536w, http:\/\/bialy-owczarek.pl\/wp-content\/uploads\/2021\/06\/DSC02219-2048x1365.jpg 2048w, http:\/\/bialy-owczarek.pl\/wp-content\/uploads\/2021\/06\/DSC02219-450x300.jpg 450w\" sizes=\"(max-width: 1024px) 100vw, 1024px\" \/><\/figure><\/li><\/ul><\/figure>\n","protected":false},"excerpt":{"rendered":"<p>Import W\u0142ochy matka: Honey De La Condesa Del Alba ojciec: Aragon De La Condesa Del Alba data urodzenia 26.02.2020 wzrost &nbsp; 58cm waga &nbsp; 34kg HD&nbsp;A ED&nbsp; 0\/0 MDR1 &nbsp;+\/- DM N\/N DWARF N\/N Carla to siostra naszego ju\u017c nie &hellip; <a href=\"http:\/\/bialy-owczarek.pl\/?page_id=3066\">Continue reading <span class=\"meta-nav\">&rarr;<\/span><\/a><\/p>\n","protected":false},"author":2,"featured_media":0,"parent":0,"menu_order":0,"comment_status":"closed","ping_status":"closed","template":"","meta":{"_monsterinsights_skip_tracking":false,"_monsterinsights_sitenote_active":false,"_monsterinsights_sitenote_note":"","_monsterinsights_sitenote_category":0,"footnotes":""},"_links":{"self":[{"href":"http:\/\/bialy-owczarek.pl\/index.php?rest_route=\/wp\/v2\/pages\/3066"}],"collection":[{"href":"http:\/\/bialy-owczarek.pl\/index.php?rest_route=\/wp\/v2\/pages"}],"about":[{"href":"http:\/\/bialy-owczarek.pl\/index.php?rest_route=\/wp\/v2\/types\/page"}],"author":[{"embeddable":true,"href":"http:\/\/bialy-owczarek.pl\/index.php?rest_route=\/wp\/v2\/users\/2"}],"replies":[{"embeddable":true,"href":"http:\/\/bialy-owczarek.pl\/index.php?rest_route=%2Fwp%2Fv2%2Fcomments&post=3066"}],"version-history":[{"count":12,"href":"http:\/\/bialy-owczarek.pl\/index.php?rest_route=\/wp\/v2\/pages\/3066\/revisions"}],"predecessor-version":[{"id":3492,"href":"http:\/\/bialy-owczarek.pl\/index.php?rest_route=\/wp\/v2\/pages\/3066\/revisions\/3492"}],"wp:attachment":[{"href":"http:\/\/bialy-owczarek.pl\/index.php?rest_route=%2Fwp%2Fv2%2Fmedia&parent=3066"}],"curies":[{"name":"wp","href":"https:\/\/api.w.org\/{rel}","templated":true}]}}