{"id":2869,"date":"2019-03-27T20:07:44","date_gmt":"2019-03-27T20:07:44","guid":{"rendered":"http:\/\/bialy-owczarek.pl\/?page_id=2869"},"modified":"2019-03-27T20:38:36","modified_gmt":"2019-03-27T20:38:36","slug":"miot-l","status":"publish","type":"page","link":"http:\/\/bialy-owczarek.pl\/?page_id=2869","title":{"rendered":"Miot L"},"content":{"rendered":"\n<p>Nasz miot na liter\u0119 L przyszed\u0142 na \u015bwiat 26.marca 2019r..<\/p>\n\n\n\n<p>Urodzi\u0142o si\u0119 10 szczeni\u0105t, 6 suczek i 4 pieski. Jest to powt\u00f3rzenie miotu I z kt\u00f3rego byli\u015bmy bardzo zadowoleni.<\/p>\n\n\n\n<p>Matk\u0105 jest nasza wspania\u0142a suka hodowlana Olya de la Prolingea , a ojcem nasz reproduktor Hungarian Avalanche Botha.<\/p>\n\n\n\n<ul class=\"wp-block-gallery columns-3 is-cropped wp-block-gallery-1 is-layout-flex wp-block-gallery-is-layout-flex\"><li class=\"blocks-gallery-item\"><figure><img loading=\"lazy\" decoding=\"async\" width=\"1024\" height=\"683\" src=\"http:\/\/bialy-owczarek.pl\/wp-content\/uploads\/2019\/03\/n-1-1024x683.jpg\" alt=\"\" data-id=\"2890\" data-link=\"http:\/\/bialy-owczarek.pl\/?attachment_id=2890\" class=\"wp-image-2890\" srcset=\"http:\/\/bialy-owczarek.pl\/wp-content\/uploads\/2019\/03\/n-1-1024x683.jpg 1024w, http:\/\/bialy-owczarek.pl\/wp-content\/uploads\/2019\/03\/n-1-300x200.jpg 300w, http:\/\/bialy-owczarek.pl\/wp-content\/uploads\/2019\/03\/n-1-768x512.jpg 768w, http:\/\/bialy-owczarek.pl\/wp-content\/uploads\/2019\/03\/n-1-450x300.jpg 450w\" sizes=\"(max-width: 1024px) 100vw, 1024px\" \/><\/figure><\/li><li class=\"blocks-gallery-item\"><figure><img loading=\"lazy\" decoding=\"async\" width=\"1024\" height=\"683\" src=\"http:\/\/bialy-owczarek.pl\/wp-content\/uploads\/2019\/03\/DSC02202-1024x683.jpg\" alt=\"\" data-id=\"2891\" data-link=\"http:\/\/bialy-owczarek.pl\/?attachment_id=2891\" class=\"wp-image-2891\" srcset=\"http:\/\/bialy-owczarek.pl\/wp-content\/uploads\/2019\/03\/DSC02202-1024x683.jpg 1024w, http:\/\/bialy-owczarek.pl\/wp-content\/uploads\/2019\/03\/DSC02202-300x200.jpg 300w, http:\/\/bialy-owczarek.pl\/wp-content\/uploads\/2019\/03\/DSC02202-768x512.jpg 768w, http:\/\/bialy-owczarek.pl\/wp-content\/uploads\/2019\/03\/DSC02202-450x300.jpg 450w\" sizes=\"(max-width: 1024px) 100vw, 1024px\" \/><\/figure><\/li><li class=\"blocks-gallery-item\"><figure><img loading=\"lazy\" decoding=\"async\" width=\"1024\" height=\"683\" src=\"http:\/\/bialy-owczarek.pl\/wp-content\/uploads\/2019\/03\/DSC02273-1024x683.jpg\" alt=\"\" data-id=\"2892\" data-link=\"http:\/\/bialy-owczarek.pl\/?attachment_id=2892\" class=\"wp-image-2892\" srcset=\"http:\/\/bialy-owczarek.pl\/wp-content\/uploads\/2019\/03\/DSC02273-1024x683.jpg 1024w, http:\/\/bialy-owczarek.pl\/wp-content\/uploads\/2019\/03\/DSC02273-300x200.jpg 300w, http:\/\/bialy-owczarek.pl\/wp-content\/uploads\/2019\/03\/DSC02273-768x512.jpg 768w, http:\/\/bialy-owczarek.pl\/wp-content\/uploads\/2019\/03\/DSC02273-450x300.jpg 450w\" sizes=\"(max-width: 1024px) 100vw, 1024px\" \/><\/figure><\/li><li class=\"blocks-gallery-item\"><figure><img loading=\"lazy\" decoding=\"async\" width=\"1024\" height=\"683\" src=\"http:\/\/bialy-owczarek.pl\/wp-content\/uploads\/2019\/03\/DSC02277-1024x683.jpg\" alt=\"\" data-id=\"2893\" data-link=\"http:\/\/bialy-owczarek.pl\/?attachment_id=2893\" class=\"wp-image-2893\" srcset=\"http:\/\/bialy-owczarek.pl\/wp-content\/uploads\/2019\/03\/DSC02277-1024x683.jpg 1024w, http:\/\/bialy-owczarek.pl\/wp-content\/uploads\/2019\/03\/DSC02277-300x200.jpg 300w, http:\/\/bialy-owczarek.pl\/wp-content\/uploads\/2019\/03\/DSC02277-768x512.jpg 768w, http:\/\/bialy-owczarek.pl\/wp-content\/uploads\/2019\/03\/DSC02277-450x300.jpg 450w\" sizes=\"(max-width: 1024px) 100vw, 1024px\" \/><\/figure><\/li><li class=\"blocks-gallery-item\"><figure><img loading=\"lazy\" decoding=\"async\" width=\"1024\" height=\"683\" src=\"http:\/\/bialy-owczarek.pl\/wp-content\/uploads\/2019\/03\/DSC02278-1024x683.jpg\" alt=\"\" data-id=\"2894\" data-link=\"http:\/\/bialy-owczarek.pl\/?attachment_id=2894\" class=\"wp-image-2894\" srcset=\"http:\/\/bialy-owczarek.pl\/wp-content\/uploads\/2019\/03\/DSC02278-1024x683.jpg 1024w, http:\/\/bialy-owczarek.pl\/wp-content\/uploads\/2019\/03\/DSC02278-300x200.jpg 300w, http:\/\/bialy-owczarek.pl\/wp-content\/uploads\/2019\/03\/DSC02278-768x512.jpg 768w, http:\/\/bialy-owczarek.pl\/wp-content\/uploads\/2019\/03\/DSC02278-450x300.jpg 450w\" sizes=\"(max-width: 1024px) 100vw, 1024px\" \/><\/figure><\/li><li class=\"blocks-gallery-item\"><figure><img loading=\"lazy\" decoding=\"async\" width=\"1024\" height=\"683\" src=\"http:\/\/bialy-owczarek.pl\/wp-content\/uploads\/2019\/03\/DSC02283-1024x683.jpg\" alt=\"\" data-id=\"2895\" data-link=\"http:\/\/bialy-owczarek.pl\/?attachment_id=2895\" class=\"wp-image-2895\" srcset=\"http:\/\/bialy-owczarek.pl\/wp-content\/uploads\/2019\/03\/DSC02283-1024x683.jpg 1024w, http:\/\/bialy-owczarek.pl\/wp-content\/uploads\/2019\/03\/DSC02283-300x200.jpg 300w, http:\/\/bialy-owczarek.pl\/wp-content\/uploads\/2019\/03\/DSC02283-768x512.jpg 768w, http:\/\/bialy-owczarek.pl\/wp-content\/uploads\/2019\/03\/DSC02283-450x300.jpg 450w\" sizes=\"(max-width: 1024px) 100vw, 1024px\" \/><\/figure><\/li><li class=\"blocks-gallery-item\"><figure><img loading=\"lazy\" decoding=\"async\" width=\"1024\" height=\"683\" src=\"http:\/\/bialy-owczarek.pl\/wp-content\/uploads\/2019\/03\/DSC02291-1024x683.jpg\" alt=\"\" data-id=\"2896\" data-link=\"http:\/\/bialy-owczarek.pl\/?attachment_id=2896\" class=\"wp-image-2896\" srcset=\"http:\/\/bialy-owczarek.pl\/wp-content\/uploads\/2019\/03\/DSC02291-1024x683.jpg 1024w, http:\/\/bialy-owczarek.pl\/wp-content\/uploads\/2019\/03\/DSC02291-300x200.jpg 300w, http:\/\/bialy-owczarek.pl\/wp-content\/uploads\/2019\/03\/DSC02291-768x512.jpg 768w, http:\/\/bialy-owczarek.pl\/wp-content\/uploads\/2019\/03\/DSC02291-450x300.jpg 450w\" sizes=\"(max-width: 1024px) 100vw, 1024px\" \/><\/figure><\/li><\/ul>\n\n\n\n<figure class=\"wp-block-image\"><img loading=\"lazy\" decoding=\"async\" width=\"683\" height=\"1024\" src=\"http:\/\/bialy-owczarek.pl\/wp-content\/uploads\/2019\/01\/ad-v02-683x1024.jpg\" alt=\"\" class=\"wp-image-2838\" srcset=\"http:\/\/bialy-owczarek.pl\/wp-content\/uploads\/2019\/01\/ad-v02-683x1024.jpg 683w, http:\/\/bialy-owczarek.pl\/wp-content\/uploads\/2019\/01\/ad-v02-200x300.jpg 200w, http:\/\/bialy-owczarek.pl\/wp-content\/uploads\/2019\/01\/ad-v02-768x1152.jpg 768w, http:\/\/bialy-owczarek.pl\/wp-content\/uploads\/2019\/01\/ad-v02.jpg 1267w\" sizes=\"(max-width: 683px) 100vw, 683px\" \/><\/figure>\n","protected":false},"excerpt":{"rendered":"<p>Nasz miot na liter\u0119 L przyszed\u0142 na \u015bwiat 26.marca 2019r.. Urodzi\u0142o si\u0119 10 szczeni\u0105t, 6 suczek i 4 pieski. Jest to powt\u00f3rzenie miotu I z kt\u00f3rego byli\u015bmy bardzo zadowoleni. Matk\u0105 jest nasza wspania\u0142a suka hodowlana Olya de la Prolingea , &hellip; <a href=\"http:\/\/bialy-owczarek.pl\/?page_id=2869\">Continue reading <span class=\"meta-nav\">&rarr;<\/span><\/a><\/p>\n","protected":false},"author":2,"featured_media":0,"parent":0,"menu_order":0,"comment_status":"closed","ping_status":"closed","template":"","meta":{"_monsterinsights_skip_tracking":false,"_monsterinsights_sitenote_active":false,"_monsterinsights_sitenote_note":"","_monsterinsights_sitenote_category":0,"footnotes":""},"_links":{"self":[{"href":"http:\/\/bialy-owczarek.pl\/index.php?rest_route=\/wp\/v2\/pages\/2869"}],"collection":[{"href":"http:\/\/bialy-owczarek.pl\/index.php?rest_route=\/wp\/v2\/pages"}],"about":[{"href":"http:\/\/bialy-owczarek.pl\/index.php?rest_route=\/wp\/v2\/types\/page"}],"author":[{"embeddable":true,"href":"http:\/\/bialy-owczarek.pl\/index.php?rest_route=\/wp\/v2\/users\/2"}],"replies":[{"embeddable":true,"href":"http:\/\/bialy-owczarek.pl\/index.php?rest_route=%2Fwp%2Fv2%2Fcomments&post=2869"}],"version-history":[{"count":2,"href":"http:\/\/bialy-owczarek.pl\/index.php?rest_route=\/wp\/v2\/pages\/2869\/revisions"}],"predecessor-version":[{"id":2897,"href":"http:\/\/bialy-owczarek.pl\/index.php?rest_route=\/wp\/v2\/pages\/2869\/revisions\/2897"}],"wp:attachment":[{"href":"http:\/\/bialy-owczarek.pl\/index.php?rest_route=%2Fwp%2Fv2%2Fmedia&parent=2869"}],"curies":[{"name":"wp","href":"https:\/\/api.w.org\/{rel}","templated":true}]}}