{"id":2741,"date":"2019-01-07T21:12:30","date_gmt":"2019-01-07T21:12:30","guid":{"rendered":"http:\/\/bialy-owczarek.pl\/?page_id=2741"},"modified":"2019-01-07T21:12:30","modified_gmt":"2019-01-07T21:12:30","slug":"miot-j","status":"publish","type":"page","link":"http:\/\/bialy-owczarek.pl\/?page_id=2741","title":{"rendered":"Miot J"},"content":{"rendered":"\n<p>Miot J urodzi\u0142 si\u0119 26.wrze\u015bnia 2018r., na \u015bwiat przysz\u0142o 4 piesk\u00f3w i 6 suczek. Rodzicami zosta\u0142a nasza Poppy Rose i importowany reproduktor <br>Alkhabor Almira NOW\u2019S MY TIME.<\/p>\n\n\n\n<figure class=\"wp-block-image\"><img loading=\"lazy\" decoding=\"async\" width=\"1024\" height=\"683\" src=\"http:\/\/bialy-owczarek.pl\/wp-content\/uploads\/2019\/01\/ZZK_0618-1024x683.jpg\" alt=\"\" class=\"wp-image-2742\" srcset=\"http:\/\/bialy-owczarek.pl\/wp-content\/uploads\/2019\/01\/ZZK_0618-1024x683.jpg 1024w, http:\/\/bialy-owczarek.pl\/wp-content\/uploads\/2019\/01\/ZZK_0618-300x200.jpg 300w, http:\/\/bialy-owczarek.pl\/wp-content\/uploads\/2019\/01\/ZZK_0618-768x512.jpg 768w, http:\/\/bialy-owczarek.pl\/wp-content\/uploads\/2019\/01\/ZZK_0618-450x300.jpg 450w\" sizes=\"(max-width: 1024px) 100vw, 1024px\" \/><figcaption>Poppy Rose<\/figcaption><\/figure>\n\n\n\n<figure class=\"wp-block-image\"><img loading=\"lazy\" decoding=\"async\" width=\"761\" height=\"600\" src=\"http:\/\/bialy-owczarek.pl\/wp-content\/uploads\/2018\/05\/wow-krak\u00f3w.jpg\" alt=\"\" class=\"wp-image-2697\" srcset=\"http:\/\/bialy-owczarek.pl\/wp-content\/uploads\/2018\/05\/wow-krak\u00f3w.jpg 761w, http:\/\/bialy-owczarek.pl\/wp-content\/uploads\/2018\/05\/wow-krak\u00f3w-300x236.jpg 300w, http:\/\/bialy-owczarek.pl\/wp-content\/uploads\/2018\/05\/wow-krak\u00f3w-380x300.jpg 380w\" sizes=\"(max-width: 761px) 100vw, 761px\" \/><figcaption><br>Alkhabor Almira NOW\u2019S MY TIME<\/figcaption><\/figure>\n\n\n\n<figure class=\"wp-block-image\"><img loading=\"lazy\" decoding=\"async\" width=\"1024\" height=\"768\" src=\"http:\/\/bialy-owczarek.pl\/wp-content\/uploads\/2019\/01\/20181024_100229-1024x768.jpg\" alt=\"\" class=\"wp-image-2743\" srcset=\"http:\/\/bialy-owczarek.pl\/wp-content\/uploads\/2019\/01\/20181024_100229.jpg 1024w, http:\/\/bialy-owczarek.pl\/wp-content\/uploads\/2019\/01\/20181024_100229-300x225.jpg 300w, http:\/\/bialy-owczarek.pl\/wp-content\/uploads\/2019\/01\/20181024_100229-768x576.jpg 768w, http:\/\/bialy-owczarek.pl\/wp-content\/uploads\/2019\/01\/20181024_100229-400x300.jpg 400w\" sizes=\"(max-width: 1024px) 100vw, 1024px\" \/><\/figure>\n\n\n\n<figure class=\"wp-block-image\"><img loading=\"lazy\" decoding=\"async\" width=\"1024\" height=\"768\" src=\"http:\/\/bialy-owczarek.pl\/wp-content\/uploads\/2019\/01\/Jana4-1024x768.jpg\" alt=\"\" class=\"wp-image-2744\" srcset=\"http:\/\/bialy-owczarek.pl\/wp-content\/uploads\/2019\/01\/Jana4.jpg 1024w, http:\/\/bialy-owczarek.pl\/wp-content\/uploads\/2019\/01\/Jana4-300x225.jpg 300w, http:\/\/bialy-owczarek.pl\/wp-content\/uploads\/2019\/01\/Jana4-768x576.jpg 768w, http:\/\/bialy-owczarek.pl\/wp-content\/uploads\/2019\/01\/Jana4-400x300.jpg 400w\" sizes=\"(max-width: 1024px) 100vw, 1024px\" \/><\/figure>\n","protected":false},"excerpt":{"rendered":"<p>Miot J urodzi\u0142 si\u0119 26.wrze\u015bnia 2018r., na \u015bwiat przysz\u0142o 4 piesk\u00f3w i 6 suczek. Rodzicami zosta\u0142a nasza Poppy Rose i importowany reproduktor Alkhabor Almira NOW\u2019S MY TIME.<\/p>\n","protected":false},"author":2,"featured_media":0,"parent":0,"menu_order":0,"comment_status":"closed","ping_status":"closed","template":"","meta":{"_monsterinsights_skip_tracking":false,"_monsterinsights_sitenote_active":false,"_monsterinsights_sitenote_note":"","_monsterinsights_sitenote_category":0,"footnotes":""},"_links":{"self":[{"href":"http:\/\/bialy-owczarek.pl\/index.php?rest_route=\/wp\/v2\/pages\/2741"}],"collection":[{"href":"http:\/\/bialy-owczarek.pl\/index.php?rest_route=\/wp\/v2\/pages"}],"about":[{"href":"http:\/\/bialy-owczarek.pl\/index.php?rest_route=\/wp\/v2\/types\/page"}],"author":[{"embeddable":true,"href":"http:\/\/bialy-owczarek.pl\/index.php?rest_route=\/wp\/v2\/users\/2"}],"replies":[{"embeddable":true,"href":"http:\/\/bialy-owczarek.pl\/index.php?rest_route=%2Fwp%2Fv2%2Fcomments&post=2741"}],"version-history":[{"count":1,"href":"http:\/\/bialy-owczarek.pl\/index.php?rest_route=\/wp\/v2\/pages\/2741\/revisions"}],"predecessor-version":[{"id":2745,"href":"http:\/\/bialy-owczarek.pl\/index.php?rest_route=\/wp\/v2\/pages\/2741\/revisions\/2745"}],"wp:attachment":[{"href":"http:\/\/bialy-owczarek.pl\/index.php?rest_route=%2Fwp%2Fv2%2Fmedia&parent=2741"}],"curies":[{"name":"wp","href":"https:\/\/api.w.org\/{rel}","templated":true}]}}