{"id":2604,"date":"2018-04-24T19:49:40","date_gmt":"2018-04-24T19:49:40","guid":{"rendered":"http:\/\/bialy-owczarek.pl\/?page_id=2604"},"modified":"2018-04-24T20:02:37","modified_gmt":"2018-04-24T20:02:37","slug":"miot-h","status":"publish","type":"page","link":"http:\/\/bialy-owczarek.pl\/?page_id=2604","title":{"rendered":"Miot H"},"content":{"rendered":"<p><span style=\"color: #000000;\">Dzieci Aruby i Tahu s\u0105 ju\u017c na \u015bwiecie, mamy pi\u0119\u0107 suczek i trzy pieski. Maluchy rozwijaj\u0105 si\u0119 prawid\u0142owo, \u0142adnie przybieraj\u0105 na wadze i maj\u0105 zdrowy apetyt.<\/span><\/p>\n<p>&nbsp;<\/p>\n<p><a href=\"http:\/\/bialy-owczarek.pl\/wp-content\/uploads\/2018\/03\/20180422_111553.jpg\"><img loading=\"lazy\" decoding=\"async\" class=\"aligncenter size-full wp-image-2571\" alt=\"20180422_111553\" src=\"http:\/\/bialy-owczarek.pl\/wp-content\/uploads\/2018\/03\/20180422_111553.jpg\" width=\"1024\" height=\"768\" srcset=\"http:\/\/bialy-owczarek.pl\/wp-content\/uploads\/2018\/03\/20180422_111553.jpg 1024w, http:\/\/bialy-owczarek.pl\/wp-content\/uploads\/2018\/03\/20180422_111553-300x225.jpg 300w, http:\/\/bialy-owczarek.pl\/wp-content\/uploads\/2018\/03\/20180422_111553-400x300.jpg 400w\" sizes=\"(max-width: 1024px) 100vw, 1024px\" \/><\/a><\/p>\n<p><a href=\"http:\/\/bialy-owczarek.pl\/wp-content\/uploads\/2018\/04\/20180422_111829.jpg\"><img loading=\"lazy\" decoding=\"async\" class=\"aligncenter size-full wp-image-2670\" alt=\"20180422_111829\" src=\"http:\/\/bialy-owczarek.pl\/wp-content\/uploads\/2018\/04\/20180422_111829.jpg\" width=\"1024\" height=\"768\" srcset=\"http:\/\/bialy-owczarek.pl\/wp-content\/uploads\/2018\/04\/20180422_111829.jpg 1024w, http:\/\/bialy-owczarek.pl\/wp-content\/uploads\/2018\/04\/20180422_111829-300x225.jpg 300w, http:\/\/bialy-owczarek.pl\/wp-content\/uploads\/2018\/04\/20180422_111829-400x300.jpg 400w\" sizes=\"(max-width: 1024px) 100vw, 1024px\" \/><\/a><img loading=\"lazy\" decoding=\"async\" class=\"aligncenter size-full wp-image-2671\" alt=\"20180422_111931\" src=\"http:\/\/bialy-owczarek.pl\/wp-content\/uploads\/2018\/04\/20180422_111931.jpg\" width=\"1024\" height=\"768\" srcset=\"http:\/\/bialy-owczarek.pl\/wp-content\/uploads\/2018\/04\/20180422_111931.jpg 1024w, http:\/\/bialy-owczarek.pl\/wp-content\/uploads\/2018\/04\/20180422_111931-300x225.jpg 300w, http:\/\/bialy-owczarek.pl\/wp-content\/uploads\/2018\/04\/20180422_111931-400x300.jpg 400w\" sizes=\"(max-width: 1024px) 100vw, 1024px\" \/><\/p>\n<p>&nbsp;<\/p>\n","protected":false},"excerpt":{"rendered":"<p>Dzieci Aruby i Tahu s\u0105 ju\u017c na \u015bwiecie, mamy pi\u0119\u0107 suczek i trzy pieski. Maluchy rozwijaj\u0105 si\u0119 prawid\u0142owo, \u0142adnie przybieraj\u0105 na wadze i maj\u0105 zdrowy apetyt. &nbsp; &nbsp;<\/p>\n","protected":false},"author":2,"featured_media":0,"parent":0,"menu_order":0,"comment_status":"closed","ping_status":"open","template":"","meta":{"_monsterinsights_skip_tracking":false,"_monsterinsights_sitenote_active":false,"_monsterinsights_sitenote_note":"","_monsterinsights_sitenote_category":0,"footnotes":""},"_links":{"self":[{"href":"http:\/\/bialy-owczarek.pl\/index.php?rest_route=\/wp\/v2\/pages\/2604"}],"collection":[{"href":"http:\/\/bialy-owczarek.pl\/index.php?rest_route=\/wp\/v2\/pages"}],"about":[{"href":"http:\/\/bialy-owczarek.pl\/index.php?rest_route=\/wp\/v2\/types\/page"}],"author":[{"embeddable":true,"href":"http:\/\/bialy-owczarek.pl\/index.php?rest_route=\/wp\/v2\/users\/2"}],"replies":[{"embeddable":true,"href":"http:\/\/bialy-owczarek.pl\/index.php?rest_route=%2Fwp%2Fv2%2Fcomments&post=2604"}],"version-history":[{"count":4,"href":"http:\/\/bialy-owczarek.pl\/index.php?rest_route=\/wp\/v2\/pages\/2604\/revisions"}],"predecessor-version":[{"id":2673,"href":"http:\/\/bialy-owczarek.pl\/index.php?rest_route=\/wp\/v2\/pages\/2604\/revisions\/2673"}],"wp:attachment":[{"href":"http:\/\/bialy-owczarek.pl\/index.php?rest_route=%2Fwp%2Fv2%2Fmedia&parent=2604"}],"curies":[{"name":"wp","href":"https:\/\/api.w.org\/{rel}","templated":true}]}}